200021222202
What is 123311221 (base 4) in base 14?
2d7a9
-2240313 (base 5) to base 14
-10871
-3c2dc4 (base 14) to base 4
-13330131300
2228c89 (base 13) to base 14
15689c7
What is 69828d (base 14) in base 5?
1410021112
-1010111110001101 (base 2) to base 8
-127615
What is 851154 (base 11) in base 8?
5146264
Convert 3b8a20 (base 14) to base 3.
10212122202212
What is -65252505 (base 7) in base 10?
-5576058
What is 143645 (base 10) in base 6?
3025005
What is -3b6382 (base 12) in base 6?
-33042242
83260 (base 13) to base 3
102222001001
372930 (base 12) to base 6
31114100
What is -222054552 (base 6) in base 5?
-2012114342
1100010001010000100 (base 2) to base 8
1421204
-11203020 (base 7) to base 12
-3b0889
Convert -1572870 (base 9) to base 7.
-10302246
What is 44256c (base 13) in base 4?
12013302021
What is -24342231 (base 5) in base 7?
-1651204
What is -189812 (base 11) in base 10?
-291139
Convert -16581043 (base 9) to base 10.
-8320116
-11101011100111100101 (base 2) to base 14
-1b19d3
2020163 (base 9) to base 10
1076142
What is -4014313 (base 5) in base 3?
-10020101120
Convert 789d7 (base 15) to base 5.
44233402
83468 (base 9) to base 16
d715
Convert -80642 (base 12) to base 8.
-505622
-872546 (base 10) to base 6
-30411322
What is -5277aa1 (base 11) in base 14?
-133c960
Convert 410025200 (base 6) to base 2.
11010101101100000100000
Convert -2021220130 (base 4) to base 7.
-4535362
What is 6a9848 (base 13) in base 8?
11526231
84734 (base 12) to base 14
474da
What is -964953 (base 14) in base 11?
-2962529
-11000000011101111011010 (base 2) to base 9
-12772241
Convert 1652224 (base 7) to base 14.
60414
4771032 (base 11) to base 5
4112124304
Convert -529631 (base 14) to base 15.
-3a2347
Convert 7673d (base 14) to base 9.
476370
What is -10010401 (base 5) in base 8?
-232003
-6040483 (base 9) to base 8
-14207671
What is 171121 (base 11) in base 9?
443468
-10111021001 (base 3) to base 7
-404224
Convert -40173015 (base 8) to base 16.
-80f60d
What is -69c90 (base 16) in base 4?
-1221302100
Convert -11052400 (base 6) to base 16.
-51750
-72979 (base 12) to base 3
-21121202110
What is -1b041 (base 12) in base 14?
-10705
What is -11120122212212 (base 3) in base 4?
-21102033332
-33717 (base 12) to base 4
-100231003
Convert 1062201 (base 7) to base 12.
64a60
371027 (base 8) to base 14
3467d
Convert -1133314300 (base 5) to base 3.
-11221220022220
What is 4cd95 (base 14) in base 9?
317561
-1002002220022 (base 3) to base 13
-170a0b
178274 (base 13) to base 5
122323404
Convert 3109950 (base 10) to base 8.
13672076
-122174 (base 8) to base 12
-20450
Convert 4641260 (base 9) to base 13.
69a2a2
10001011100010111 (base 2) to base 3
10122000012
Convert -102211212000 (base 3) to base 8.
-707324
Convert 5080d (base 14) to base 13.
6a1c0
4776816 (base 10) to base 2
10010001110001101110000
What is -4420262 (base 10) in base 9?
-8276412
-24411204 (base 5) to base 7
-1654354
ddb3da (base 14) to base 11
42784a9
Convert -11030545 (base 8) to base 11.
-1380090
-59246 (base 13) to base 8
-476236
What is -5a498 (base 13) in base 14?
-444ac
What is 301101221 (base 4) in base 15?
3ec08
56466035 (base 7) to base 6
253103035
e2b8fa (base 16) to base 2
111000101011100011111010
-13432616 (base 7) to base 10
-1251914
1320350 (base 7) to base 8
521776
Convert -12155 (base 10) to base 6.
-132135
Convert 10232330110 (base 4) to base 14.
2442c4
What is -1635264 (base 8) in base 7?
-4012166
Convert 13494 (base 12) to base 15.
7d3d
What is -2624f (base 16) in base 13?
-56165
Convert -299813 (base 10) to base 15.
-5dc78
Convert 1a28a (base 15) to base 2.
10100101111011011
What is -98357 (base 12) in base 9?
-335574
20031260 (base 7) to base 9
3101825
-8aa74 (base 11) to base 13
-47c60
Convert 221121021 (base 3) to base 5.
1044124
-268cb18 (base 13) to base 2
-101110010011011001111100
What is -f34fb (base 16) in base 15?
-14a453
What is -30828 (base 9) in base 8?
-47605
What is 6466206 (base 8) in base 9?
3228421
Convert 200101012 (base 3) to base 14.
4c4d
100000111011000001011 (base 2) to base 7
12112114
-20431231 (base 5) to base 6
-3354452
What is -35105 (base 9) in base 12?
-11672
Convert d3849 (base 14) to base 10.
509273
What is 2c6093 (base 13) in base 3?
2001211000122
What is 10001100101101011 (base 2) in base 14?
1c37d
-5a0076 (base 11) to base 9
-1710487
What is -1231300 (base 4) in base 15?
-2134
Convert -64513331 (base 7) to base 11.
-3116935
Convert -122300213 (base 4) to base 9.
-176315
-37a78 (base 16) to base 12
-abb08
11101010111 (base 3) to base 5
10223431
What is -2380a9 (base 11) in base 10?
-376792
Convert 203331021 (base 4) to base 16.
23f49
What is 17127 (base 9) in base 4?
2313322
Convert -210231321 (base 4) to base 8.
-445571
Convert -579b2 (base 13) to base 7.
-1234015
What is 3266655 (base 7) in base 10?
403359
Convert 796d81 (base 14) to base 5.
2024122022
-13a6482 (base 15) to base 9
-28636555
-111101101100 (base 2) to base 9
-5366
Convert 4a486a (base 11) to base 8.
3024466
What is 188876 (base 16) in base 15?
21b5b8
-379829 (base 12) to base 9
-1634056
Convert -1000100101100101 (base 2) to base 6.
-430501
Convert -1965e5 (base 15) to base 5.
-304032330
3834520 (base 9) to base 8
7761411
What is 24521364 (base 7) in base 10?
2207055
-10344432 (base 5) to base 14
-25049
What is 133106 (base 8) in base 4?
23121012
What is 1350693 (base 10) in base 16?
149c25
What is 12211310 (base 5) in base 13?
41011
What is -1010100111001111111011 (base 2) in base 7?
-32435244
3a4a7c (base 14) to base 2
111101010111000110110
2403403 (base 5) to base 9
66602
23a8b2 (base 14) to base 11
763716
What is -601260 (base 7) in base 6?
-2101033
-323e31 (base 16) to base 3
-20012021202122
What is -1394836 (base 10) in base 16?
-154894
What is 2024300340 (base 5) in base 3?
21210001102112
Convert -555101 (base 7) to base 15.
-1dea5
What is 102021102101 (base 3) in base 12?
a8517
253430 (base 14) to base 9
2355371
Convert 2207301 (base 10) to base 4.
20122321011
Convert 68552 (base 10) to base 16.
10bc8
Convert -31301310 (base 4) to base 9.
-85366
What is -52578 (base 10) in base 7?
-306201
What is -201223432 (base 5) in base 6?
-25130123
-12141 (base 6) to base 2
-11011111101
-1110101001001001100 (base 2) to base 15
-97280
What is 3020702 (base 11) in base 2?
10100011000111000101110
-2414b6 (base 14) to base 5
-303424000
101123013013 (base 4) to base 10
4567495
What is 9d9213 (base 14) in base 15?
70e91e
Convert -43687 (base 14) to base 11.
-101676
Convert 1850521 (base 10) to base 6.
103355121
330332102221 (base 4) to base 13
340837c
-3730fd (base 16) to base 15
-4b6a9b
Convert -301143 (base 10) to base 9.
-508073
Convert 24eb2 (base 16) to base 2.
100100111010110010
What is -1825442 (base 9) in base 6?
-33514402
Convert 872218 (base 12) to base 11.
1231546
Convert 210020110 (base 4) to base 9.
245001
-102001112122210 (base 3) to base 7
-100642560
What is 41064254 (base 7) in base 11?
1a31344
What is 2142425 (base 6) in base 2?
11010000101110001
1cb60 (base 15) to base 11
64433
What is -4413525 (base 7) in base 11?
-33a93a
Convert 122120100103 (base 4) to base 9.
14008644
What is -53055251 (base 6) in base 2?
-101111001110000101111
Convert 313333003 (base 5) to base 15.
1aca88
-1152015 (base 6) to base 9
-103142
Convert 2b0814 (base 14) to base 11.
934914
-3128b8 (base 12) to base 9
-1405855
-3603a (base 15) to base 16
-2a094
-100002031 (base 6) to base 16
-19a2c3
What is 100100011011100110111 (base 2) in base 7?
13101263
-11770625 (base 8) to base 6
-132035113
Convert 10001111002210 (base 3) to base 8.
6143006
What is 785396 (base 11) in base 10?
1251608
Convert 1c0ba8 (base 16) to base 3.
10110101020210
What is 27872 (base 11) in base 9?
60341
101110111100001100101000 (base 2) to base 11
6a45089
Convert 853ba (base 15) to base 7.
3410302
Convert 2b9969 (base 14) to base 5.
342243102
What is b6a97a (base 12) in base 15?
3bd60d
8165033 (base 9) to base 3
22012012001010
2130434 (base 6) to base 3
12100020011
Convert 1000110110010010 (base 2) to base 5.
2124432
-15515415 (base 7) to base 2
-101101110001111110011
Convert 17670710 (base 8) to base 11.
238a986
Convert -362311 (base 7) to base 3.
-10100002011
1d3a (base 16) to base 3
101021010
-620863 (base 9) to base 5
-43234441
-626456 (base 7) t